greatest common factor of g and 23?
23
Suppose 48*o = 44*o + 1452. Calculate the highest common divisor of o and 44.
11
Suppose -5*n + 3*b = -264 - 360, 2*b - 4 = 0. What is the highest common factor of n and 14?
14
Suppose 0*m - 946 = -2*m. What is the greatest common divisor of m and 11?
11
Let z(r) = 4*r - 17. Let q be z(4). Let l be (-63)/q - -5*1. Calculate the greatest common divisor of 17 and l.
17
Let m = 375 - 367. What is the highest common divisor of 18 and m?
2
Suppose 35*s = 55 + 11320. What is the greatest common factor of s and 13?
13
Let a = 449 - -10. What is the highest common divisor of a and 17?
17
Let k = -261 + 422. Suppose 0*a - 69 = -3*a. Calculate the highest common divisor of a and k.
23
Let v(d) = 4*d**3 + 2*d**2 - 2*d + 1. Let k be v(1). Suppose 41*u - 48*u + 35 = 0. Calculate the greatest common divisor of u and k.
5
Let k be (-394 + -5)/(0 - 1). What is the highest common divisor of 21 and k?
21
Let b(i) = 2*i**2 - i + 5. Let d be b(-5). Let p be 36/16*d/9. Calculate the greatest common divisor of 75 and p.
15
Let y be 3/(12/(-8) - -2). Suppose -21 = 3*g - y. Let o be (-260)/(-25) - 3/g. What is the highest common divisor of o and 77?
11
Let b = -119 + 227. Suppose 4*v - 41 = 7. Calculate the greatest common divisor of v and b.
12
Suppose -4*p = 5*j - 1350, -1080 = -4*j + 2*p - 4*p. What is the highest common divisor of 40 and j?
10
Suppose 0 = 3*x + 104 - 1265. Calculate the highest common divisor of x and 36.
9
Suppose -4 = b - 9. Let q be -6*(-10 + (3 - b)). Calculate the greatest common divisor of q and 6.
6
Suppose 2*z = 4*z. Let w be (2 - 1) + z/(-2). What is the greatest common factor of 3 and w?
1
Let j = -299 + 303. What is the greatest common divisor of j and 14?
2
Let r be (9 + -7 + 175)*2. Calculate the greatest common divisor of r and 6.
6
Suppose -2*x = -0*x. Let m be 55/((-3)/(x - 3)). Suppose -2*k - 3*k + 25 = 0. What is the greatest common factor of m and k?
5
Suppose 108 = 3*j - 651. Calculate the greatest common divisor of 11 and j.
11
Let w = -457 + 483. Calculate the highest common divisor of 10 and w.
2
Suppose z - 5*p = 43, -4*z = 7*p - 3*p - 76. Suppose -401*a = -339*a - 4278. Calculate the greatest common divisor of a and z.
23
Suppose 0 = 5*a - 12 + 2. Suppose a*q + 6 = -92. Let w be (-14)/q - (-278)/7. What is the highest common factor of w and 5?
5
Let z(j) = -j**3 + 4*j**2 + 5*j - 4. Let h be z(4). Suppose d - 13 = h. Let v = d - 4. What is the greatest common factor of 25 and v?
25
Let h = -85 - -97. Let k = 24 - h. What is the highest common divisor of k and 6?
6
Let x = 1008 - 391. Suppose 6*j - 1055 = j + 5*k, 3*j = -5*k + x. Calculate the greatest common divisor of j and 11.
11
Suppose 5*o - 144 = -2*j, -o + 4*j = 8*j - 36. Suppose -5*a = 3*l - 41, 2*a + 6*l - 3*l = 20. What is the highest common divisor of o and a?
7
Let y be (-4)/40 + 2301/10. What is the highest common factor of y and 92?
46
Suppose -139 = -6*l + 191. Suppose h + 0*h - 5*d - 15 = 0, l = 3*h - 5*d. Calculate the greatest common divisor of 5 and h.
5
Let g(z) = z**3 + 11*z**2 - 14*z + 3. Let s be g(-10). Let a = s - 89. Let p = -15 - -29. What is the greatest common factor of p and a?
14
Let m be (-13 + 1)*9/((-135)/20). Suppose -3*y - 1024 = -11*y. Calculate the greatest common factor of y and m.
16
Suppose 0 = -245*c + 238*c + 126. Let n = 234 + -90. What is the highest common factor of n and c?
18
Suppose -238*w + 230*w = -160. Calculate the highest common factor of w and 110.
10
Let b be 29/3 + 4/(-6). Let f be (-538)/(-9) + 2/b. Calculate the greatest common divisor of 15 and f.
15
Let p = 2 - 0. Suppose 19 = -4*a + k - 14, 0 = -p*a - 4*k - 12. Let u be 63/3 + (a - -6). What is the highest common factor of 38 and u?
19
Let t be 26/(-299) + 34600/92. Calculate the greatest common divisor of t and 8.
8
Let k(d) = -5*d - 1. Let x be k(-6). Let z(u) = -2*u**2 + 69*u - 161. Let v be z(28). Calculate the highest common divisor of v and x.
29
Let m be -1*(-1 - -3 - 34). Suppose 23*c = 19*c + m. Let o(t) = -t**3 + 4*t**2 + 2*t + 4. Let i be o(4). What is the greatest common factor of i and c?
4
Let d(i) = i**2 + 14*i + 4. Let t be d(-12). Let y(a) = -a**3 - 20*a**2 + a + 30. Let v be y(t). What is the highest common divisor of v and 10?
10
Let m = -77 - -85. What is the greatest common divisor of m and 152?
8
Suppose -19*k + 22*k = 243. Calculate the greatest common divisor of k and 324.
81
Let d(j) = -j**2 - 47*j - 336. Let b be d(-10). Calculate the highest common factor of b and 18.
2
Let m = 95 - 56. Let p = m + -17. Let h = -14 + p. What is the greatest common factor of 8 and h?
8
Let c(l) = 2*l**3 - 3*l**3 + 7*l**2 + 7 + 22*l - 3*l. Let r be c(9). Calculate the highest common factor of 4 and r.
4
Suppose 0 = o - 4, 26 = 2*f - 7*f + 4*o. Suppose 5 + 15 = 5*h, 0 = 3*i + h - 16. Let m = i - f. What is the greatest common factor of m and 12?
6
Let j = 1564 + 48. What is the greatest common divisor of j and 52?
52
Let z(y) = -y + 40. Let m be z(16). Suppose -3*g + 4*t + m = t, t = 5*g - 36. Calculate the highest common divisor of g and 77.
7
Suppose -1376 = -7*s + 1522. What is the greatest common divisor of 23 and s?
23
Let b = -743 + 1571. What is the highest common divisor of b and 108?
36
Suppose -k + t + 2 + 0 = 0, 5 = 3*k - 4*t. Suppose 0 = k*d + 63 - 603. Calculate the highest common divisor of d and 20.
20
Let f = -195 + 205. What is the greatest common factor of f and 70?
10
Let b = -771 - -1251. Calculate the greatest common factor of b and 15.
15
Suppose 2*h - 7 = -1, 4*h = -2*s + 2. Let x be 12/((-8)/2) - s. Let a be 2/(-12) + (-63)/(-54). Calculate the highest common factor of x and a.
1
Let z(s) = -s + 64. Let y be z(8). Suppose 3*l + 47 = 299. Calculate the highest common divisor of l and y.
28
Suppose 3*j = 2*n + 266, 7*n - 2*n - 10 = 0. What is the greatest common factor of j and 80?
10
Let g(h) = 3*h**3 + 13*h**2 + 3*h. Let n be g(-4). What is the highest common factor of 5 and n?
1
Suppose 127 = 4*c - 3*t - 0*t, -53 = -c + 5*t. What is the highest common divisor of 224 and c?
28
Suppose 478 = 3*y + 2*c - 2357, 3*c = -5*y + 4725. Calculate the greatest common divisor of y and 21.
21
Let h = 67 - 63. Suppose -147 = -3*n - 3*i, h*n = 2*i - 45 + 253. What is the greatest common divisor of 3 and n?
3
Let n(y) = -112*y**3 - 5*y**2 - 3*y + 6. Let w be n(-2). What is the greatest common divisor of w and 24?
24
Suppose -19*i = -15*i - 192. Calculate the greatest common divisor of i and 24.
24
Let t(s) = -s**2 - 32*s - 165. Let r be t(-7). Let w(f) = f**3 + 3*f**2 - 2. Let v be w(4). Calculate the highest common divisor of r and v.
10
Suppose -4*q = -4, -3*u + 0*u = -3*q - 33. Let t(m) = 10*m + 16. Let x be t(u). What is the highest common divisor of 17 and x?
17
Let n = -2422 - -2531. What is the highest common divisor of n and 1744?
109
Suppose 5 = -9*o - 13. Let l be 1 + o + 13 - -3. Calculate the greatest common factor of 165 and l.
15
Let l be ((-3)/4)/(8/(-96)). Calculate the highest common divisor of l and 12.
3
Let r be ((-63)/12)/(2/(-24)). Calculate the highest common divisor of 35 and r.
7
Suppose 3*h + 5*m - 20 = 0, 0*m - 2 = -2*m. Let z = 10 + -8. What is the highest common divisor of h and z?
1
Suppose -9 - 6 = -5*z. Suppose 5*h - z*y - 28 = 16, -5*y = -h. Suppose 4*w - 360 = -5*q, 4*q - 2*q = 2*w - 180. What is the highest common divisor of h and w?
10
Suppose -72 = -7*p + 5*p + 4*n, 75 = 2*p - 3*n. Calculate the highest common factor of 1134 and p.
42
Suppose 0 = 8*q - 4*q - 276. What is the greatest common factor of 1104 and q?
69
Suppose 0 = 5*j - 2*b + 10, -16 = -4*b + 4. Let c be (-10)/(1/(j + -1)). Calculate the highest common factor of 35 and c.
5
Let p be (-5)/(-8)*2*4. Suppose p*i = -3*f - 1 + 65, 3*f + 2 = i. Calculate the highest common divisor of 99 and i.
11
Let u be (-318)/(-14) - 2/(-7). Suppose 0 = 49*z - 3089 - 1419. What is the highest common divisor of z and u?
23
Suppose 25 = 5*r, 2*a + 3*r - 1 = 20. Suppose a*x - 1 - 14 = 0. Let g = 2 + x. What is the highest common factor of g and 63?
7
Suppose -18*y + 309 = -843. Calculate the greatest common factor of y and 56.
8
Let z(y) = -5*y**3 + y**2 + 20*y - 7. Let b be z(-6). Calculate the greatest common factor of b and 4